 5?
-1033
What is -14 (base 7) in base 9?
-12
-3 (base 4) to base 6
-3
Convert 9 (base 13) to base 2.
1001
-2101 (base 3) to base 13
-4c
Convert 8c (base 14) to base 2.
1111100
What is 112001 (base 3) in base 10?
379
Convert 10 (base 3) to base 13.
3
Convert 3a (base 11) to base 2.
101011
-10010 (base 3) to base 2
-1010100
What is -31 (base 5) in base 16?
-10
What is -37 (base 10) in base 2?
-100101
What is -6 (base 15) in base 10?
-6
What is -7 (base 9) in base 8?
-7
2 (base 9) to base 5
2
Convert -20022 (base 3) to base 6.
-442
-70 (base 11) to base 13
-5c
What is -10211 (base 3) in base 16?
-67
What is -1 (base 3) in base 9?
-1
What is 12 (base 9) in base 16?
b
What is 11 (base 3) in base 2?
100
What is -103 (base 4) in base 12?
-17
-272 (base 9) to base 11
-197
-84 (base 12) to base 5
-400
1100101 (base 2) to base 5
401
Convert 8 (base 14) to base 7.
11
-11110 (base 3) to base 14
-88
Convert -100 (base 2) to base 7.
-4
-6 (base 15) to base 10
-6
2 (base 8) to base 3
2
201 (base 3) to base 4
103
What is -122 (base 5) in base 12?
-31
-2 (base 10) to base 7
-2
Convert 20 (base 12) to base 16.
18
-23 (base 6) to base 5
-30
-103 (base 6) to base 12
-33
Convert 71 (base 16) to base 12.
95
111 (base 2) to base 5
12
110002 (base 3) to base 5
2301
-21 (base 3) to base 7
-10
-1000010 (base 2) to base 16
-42
Convert 123 (base 6) to base 7.
102
What is -3 (base 6) in base 5?
-3
What is -45 (base 15) in base 6?
-145
What is 0 (base 5) in base 4?
0
What is 302 (base 5) in base 7?
140
-197 (base 13) to base 3
-101212
-13 (base 14) to base 3
-122
What is 1 (base 16) in base 2?
1
What is -200 (base 4) in base 11?
-2a
What is 29 (base 16) in base 15?
2b
50 (base 15) to base 8
113
0 (base 7) to base 10
0
Convert 100 (base 3) to base 13.
9
Convert 0 (base 14) to base 6.
0
What is 101000 (base 2) in base 16?
28
What is 13 (base 6) in base 13?
9
Convert -113 (base 4) to base 14.
-19
What is 2 (base 9) in base 14?
2
Convert -102 (base 3) to base 16.
-b
Convert 301 (base 8) to base 13.
11b
Convert 12020 (base 3) to base 8.
215
-1 (base 6) to base 12
-1
-2 (base 6) to base 2
-10
What is 8 (base 13) in base 12?
8
Convert 2 (base 12) to base 16.
2
What is -101 (base 7) in base 8?
-62
What is 1 (base 11) in base 9?
1
What is 113 (base 16) in base 5?
2100
What is 75 (base 9) in base 13?
53
12 (base 11) to base 6
21
Convert 2 (base 9) to base 2.
10
-3 (base 16) to base 7
-3
What is 3 (base 15) in base 11?
3
Convert -52 (base 11) to base 15.
-3c
Convert 37 (base 16) to base 8.
67
What is 19 (base 13) in base 10?
22
Convert c2 (base 13) to base 10.
158
Convert -16 (base 7) to base 4.
-31
What is 6a (base 16) in base 3?
10221
10110100 (base 2) to base 5
1210
Convert a (base 13) to base 14.
a
Convert -40 (base 9) to base 6.
-100
Convert -10 (base 7) to base 5.
-12
What is 1 (base 11) in base 9?
1
Convert 9 (base 14) to base 10.
9
-53 (base 11) to base 4
-322
Convert -43 (base 14) to base 16.
-3b
Convert -2 (base 5) to base 13.
-2
What is -3 (base 8) in base 9?
-3
212 (base 6) to base 10
80
20 (base 3) to base 10
6
What is 0 (base 10) in base 11?
0
Convert 1 (base 7) to base 9.
1
0 (base 14) to base 16
0
-11 (base 12) to base 9
-14
Convert 5 (base 6) to base 5.
10
What is 122 (base 15) in base 6?
1105
2 (base 13) to base 14
2
Convert 13 (base 13) to base 11.
15
Convert 0 (base 3) to base 5.
0
What is 10 (base 9) in base 13?
9
What is 4 (base 11) in base 13?
4
Convert -2 (base 13) to base 2.
-10
Convert 7 (base 13) to base 3.
21
-1 (base 16) to base 5
-1
What is 21 (base 3) in base 4?
13
5 (base 9) to base 5
10
Convert -1 (base 2) to base 7.
-1
Convert -3 (base 4) to base 13.
-3
Convert 11 (base 6) to base 13.
7
-11 (base 2) to base 9
-3
-10 (base 5) to base 7
-5
What is 1d (base 16) in base 15?
1e
What is 1a (base 11) in base 9?
23
Convert 102 (base 3) to base 12.
b
118 (base 9) to base 2
1100010
-3 (base 11) to base 5
-3
What is -9 (base 14) in base 4?
-21
What is 44 (base 9) in base 7?
55
Convert -8 (base 10) to base 12.
-8
What is 39 (base 11) in base 15?
2c
11 (base 2) to base 15
3
What is 104 (base 7) in base 12?
45
-4 (base 12) to base 9
-4
Convert 9 (base 11) to base 2.
1001
2 (base 14) to base 4
2
Convert -151 (base 10) to base 13.
-b8
What is -341 (base 5) in base 8?
-140
Convert -12 (base 3) to base 9.
-5
What is 7 (base 13) in base 4?
13
What is -102 (base 11) in base 3?
-11120
What is 200 (base 3) in base 6?
30
What is 101021 (base 3) in base 10?
277
What is -19 (base 16) in base 7?
-34
What is 7 (base 8) in base 15?
7
What is 20 (base 15) in base 14?
22
Convert 3 (base 8) to base 10.
3
-130 (base 4) to base 10
-28
-23 (base 6) to base 5
-30
Convert -1312 (base 4) to base 7.
-226
What is -100221 (base 3) in base 6?
-1124
Convert -100 (base 2) to base 11.
-4
Convert -70 (base 16) to base 13.
-88
Convert 23 (base 6) to base 16.
f
1000 (base 2) to base 13
8
What is -2b (base 15) in base 14?
-2d
2 (base 11) to base 6
2
What is 6 (base 14) in base 4?
12
What is -14 (base 6) in base 11?
-a
What is -b8 (base 16) in base 7?
-352
-10 (base 7) to base 10
-7
What is -5 (base 7) in base 12?
-5
Convert -1 (base 10) to base 4.
-1
Convert -2 (base 5) to base 16.
-2
100222 (base 3) to base 2
100001101
Convert -10 (base 7) to base 10.
-7
Convert 12 (base 11) to base 6.
21
Convert -46 (base 9) to base 16.
-2a
1 (base 12) to base 8
1
What is a2 (base 12) in base 2?
1111010
Convert -3 (base 13) to base 3.
-10
What is -23 (base 13) in base 11?
-27
Convert 3 (base 16) to base 7.
3
What is -60 (base 8) in base 15?
-33
What is 2 (base 12) in base 8?
2
Convert -11 (base 9) to base 7.
-13
0 (base 11) to base 7
0
Convert 101 (base 4) to base 3.
122
122 (base 3) to base 11
16
What is -41 (base 9) in base 12?
-31
-3 (base 7) to base 6
-3
-33 (base 9) to base 8
-36
What is -43 (base 7) in base 16?
-1f
Convert 6 (base 10) to base 5.
11
What is -1032 (base 4) in base 14?
-58
What is 162 (base 8) in base 11?
a4
Convert 52 (base 11) to base 10.
57
-41 (base 9) to base 4
-211
-100 (base 3) to base 16
-9
What is -1 (base 16) in base 5?
-1
Convert -12 (base 8) to base 2.
-1010
What is -1002 (base 4) in base 2?
-1000010
39 (base 11) to base 9
46
Convert 325 (base 6) to base 3.
11122
Convert -131 (base 8) to base 12.
-75
What is 6 (base 14) in base 2?
110
What is 10 (base 3) in base 8?
3
214 (base 8) to base 11
118
What is -2 (base 12) in base 2?
-10
Convert -1054 (base 6) to base 8.
-372
What is 44 (base 13) in base 2?
111000
What is -332 (base 4) in base 15?
-42
What is 0 (base 12) in base 4?
0
6 (base 11) to base 5
11
Convert 37 (base 12) to base 7.
61
7 (base 14) to base 13
7
Convert 278 (base 9) to base 4.
3221
Convert -124 (base 8) to base 10.
-84
-3b (base 16) to base 4
-323
What is 5 (base 6) in base 13?
5
Convert 10 (base 6) to base 8.
6
What is -11 (base 8) in base 6?
-13
What is b5 (base 12) in base 9?
162
Convert 11 (base 4) to base 8.
5
40 (base 16) to base 14
48
What is -32 (base 11) in base 8?
-43
Convert 10010 (base 2) to base 5.
33
-324 (base 5) to base 12
-75
Convert 44 (base 6) to base 16.
1c
-225 (base 9) to base 4
-2321
What is -2 (base 14) in base 9?
-2
1000 (base 4) to base 12
54
What is -21 (base 8) in base 13?
-14
-33 (base 16) to base 12
-43
What is 2030 (base 4) in base 3?
12012
Convert -20212 (base 3) to base 13.
-113
Convert 2 (base 12) to base 16.
2
What is 6 (base 9) in base 7?
6
Convert -1 (base 2) to base 5.
-1
2 (base 11) to base 2
10
Convert -87 (base 11) to base 15.
-65
Convert -2 (base 12) to base 7.
-2
Convert -2 (base 5) to base 3.
-2
-5 (base 14) to base 16
-5
Convert 110 (base 2) to base 11.
6
d0 (base 16) to base 2
11010000
What is -1 (base 10) in base 13?
-1
Convert 29 (base 14) to base 12.
31
-2 (base 5) to base 9
-2
Convert 2 (base 8) to base 6.
2
Convert e4 (base 16) to base 14.
124
22 (base 7) to base 10
16
1 (base 10) to base 2
1
Convert -10 (base 10) to base 2.
-1010
Convert 3 (base 12) to base 5.
3
Convert -4 (base 10) to base 16.
-4
Convert 1513 (base 6) to base 14.
20d
-101 (base 2) to base 9
-5
-127 (base 8) to base 7
-153
5 (base 16) to base 12
5
Convert -46 (base 11) to base 3.
-1212
What is -2 (base 6) in base 4?
-2
-15 (base 7) to base 14
-c
-280 (base 9) to base 12
-176
Convert -11101 (base 2) to base 15.
-1e
Convert 7 (base 8) to base 10